[INFO] cloning repository https://github.com/C6H6CI6/cross-chain-ckb-contract
[INFO] running `Command { std: "git" "-c" "credential.helper=" "-c" "credential.helper=/workspace/cargo-home/bin/git-credential-null" "clone" "--bare" "https://github.com/C6H6CI6/cross-chain-ckb-contract" "/workspace/cache/git-repos/https%3A%2F%2Fgithub.com%2FC6H6CI6%2Fcross-chain-ckb-contract", kill_on_drop: false }`
[INFO] [stderr] Cloning into bare repository '/workspace/cache/git-repos/https%3A%2F%2Fgithub.com%2FC6H6CI6%2Fcross-chain-ckb-contract'...
[INFO] running `Command { std: "git" "rev-parse" "HEAD", kill_on_drop: false }`
[INFO] [stdout] bf1b1865e6ee14c677fd3ca13b5c3438fd30d6cd
[INFO] checking C6H6CI6/cross-chain-ckb-contract against master#9610dfe5a9a731ced1ea4923ecbd0c57fe367898 for beta-170-4
[INFO] running `Command { std: "git" "clone" "/workspace/cache/git-repos/https%3A%2F%2Fgithub.com%2FC6H6CI6%2Fcross-chain-ckb-contract" "/workspace/builds/worker-4-tc1/source", kill_on_drop: false }`
[INFO] [stderr] Cloning into '/workspace/builds/worker-4-tc1/source'...
[INFO] [stderr] done.
[INFO] validating manifest of git repo https://github.com/C6H6CI6/cross-chain-ckb-contract on toolchain 9610dfe5a9a731ced1ea4923ecbd0c57fe367898
[INFO] running `Command { std: CARGO_HOME="/workspace/cargo-home" RUSTUP_HOME="/workspace/rustup-home" "/workspace/cargo-home/bin/cargo" "+9610dfe5a9a731ced1ea4923ecbd0c57fe367898" "metadata" "--manifest-path" "Cargo.toml" "--no-deps", kill_on_drop: false }`
[INFO] started tweaking git repo https://github.com/C6H6CI6/cross-chain-ckb-contract
[INFO] finished tweaking git repo https://github.com/C6H6CI6/cross-chain-ckb-contract
[INFO] tweaked toml for git repo https://github.com/C6H6CI6/cross-chain-ckb-contract written to /workspace/builds/worker-4-tc1/source/Cargo.toml
[INFO] crate git repo https://github.com/C6H6CI6/cross-chain-ckb-contract already has a lockfile, it will not be regenerated
[INFO] running `Command { std: CARGO_HOME="/workspace/cargo-home" RUSTUP_HOME="/workspace/rustup-home" "/workspace/cargo-home/bin/cargo" "+9610dfe5a9a731ced1ea4923ecbd0c57fe367898" "fetch" "--manifest-path" "Cargo.toml", kill_on_drop: false }`
[INFO] [stderr]     Updating git repository `https://github.com/nervosnetwork/ckb.git`
[INFO] [stderr]     Updating git submodule `https://github.com/nervosnetwork/ckb-tests.git`
[INFO] [stderr]     Updating crates.io index
[INFO] [stderr]  Downloading crates ...
[INFO] [stderr]   Downloaded miniz_oxide v0.3.1
[INFO] [stderr]   Downloaded serde v1.0.98
[INFO] [stderr]   Downloaded serde_derive v1.0.98
[INFO] [stderr]   Downloaded jsonrpc-core v10.1.0
[INFO] [stderr]   Downloaded sized-chunks v0.1.3
[INFO] [stderr]   Downloaded flate2 v1.0.9
[INFO] [stderr]   Downloaded backtrace v0.3.34
[INFO] [stderr]   Downloaded im v12.3.4
[INFO] [stderr]   Downloaded debugid v0.4.0
[INFO] [stderr]   Downloaded hyper v0.12.33
[INFO] [stderr]   Downloaded ckb-system-scripts v0.4.0-alpha.10+witness-args
[INFO] [stderr]   Downloaded scroll_derive v0.9.5
[INFO] [stderr]   Downloaded proc-macro-hack v0.5.8
[INFO] [stderr]   Downloaded indexmap v1.1.0
[INFO] [stderr]   Downloaded sentry-types v0.11.0
[INFO] [stderr]   Downloaded syn v0.15.43
[INFO] [stderr]   Downloaded regex-syntax v0.6.11
[INFO] [stderr]   Downloaded regex v1.2.1
[INFO] [stderr]   Downloaded miniz_oxide_c_api v0.2.3
[INFO] [stderr]   Downloaded scroll v0.9.2
[INFO] [stderr]   Downloaded goblin v0.0.24
[INFO] [stderr]   Downloaded numext-fixed-uint v0.1.4
[INFO] [stderr]   Downloaded sentry v0.16.0
[INFO] [stderr]   Downloaded ckb-vm-definitions v0.18.0
[INFO] [stderr]   Downloaded faster-hex v0.4.0
[INFO] [stderr]   Downloaded numext-fixed-uint-hack v0.1.4
[INFO] [stderr]   Downloaded secp256k1 v0.15.1
[INFO] [stderr]   Downloaded merkle-cbt v0.2.1
[INFO] [stderr]   Downloaded molecule v0.4.0
[INFO] [stderr]   Downloaded numext-fixed-uint-core v0.1.4
[INFO] [stderr]   Downloaded ckb-vm v0.18.0
[INFO] [stderr]   Downloaded numext-constructor v0.1.4
[INFO] running `Command { std: "docker" "create" "-v" "/var/lib/crater-agent-workspace/builds/worker-4-tc1/target:/opt/rustwide/target:rw,Z" "-v" "/var/lib/crater-agent-workspace/builds/worker-4-tc1/source:/opt/rustwide/workdir:ro,Z" "-v" "/var/lib/crater-agent-workspace/cargo-home:/opt/rustwide/cargo-home:ro,Z" "-v" "/var/lib/crater-agent-workspace/rustup-home:/opt/rustwide/rustup-home:ro,Z" "-e" "SOURCE_DIR=/opt/rustwide/workdir" "-e" "CARGO_TARGET_DIR=/opt/rustwide/target" "-e" "CARGO_HOME=/opt/rustwide/cargo-home" "-e" "RUSTUP_HOME=/opt/rustwide/rustup-home" "-w" "/opt/rustwide/workdir" "-m" "1610612736" "--user" "0:0" "--network" "none" "ghcr.io/rust-lang/crates-build-env/linux@sha256:5ff2268d62e97bff2cde7d5815dd6ed5b47097566f13b8d0ca110b04b60e07ed" "/opt/rustwide/cargo-home/bin/cargo" "+9610dfe5a9a731ced1ea4923ecbd0c57fe367898" "metadata" "--no-deps" "--format-version=1", kill_on_drop: false }`
[INFO] [stdout] dc617a667e2740916c9a9ca7af0f657da4fc9b82103e2d132b72652c8dfd2f7f
[INFO] running `Command { std: "docker" "start" "-a" "dc617a667e2740916c9a9ca7af0f657da4fc9b82103e2d132b72652c8dfd2f7f", kill_on_drop: false }`
[INFO] running `Command { std: "docker" "inspect" "dc617a667e2740916c9a9ca7af0f657da4fc9b82103e2d132b72652c8dfd2f7f", kill_on_drop: false }`
[INFO] running `Command { std: "docker" "rm" "-f" "dc617a667e2740916c9a9ca7af0f657da4fc9b82103e2d132b72652c8dfd2f7f", kill_on_drop: false }`
[INFO] [stdout] dc617a667e2740916c9a9ca7af0f657da4fc9b82103e2d132b72652c8dfd2f7f
[INFO] running `Command { std: "docker" "create" "-v" "/var/lib/crater-agent-workspace/builds/worker-4-tc1/target:/opt/rustwide/target:rw,Z" "-v" "/var/lib/crater-agent-workspace/builds/worker-4-tc1/source:/opt/rustwide/workdir:ro,Z" "-v" "/var/lib/crater-agent-workspace/cargo-home:/opt/rustwide/cargo-home:ro,Z" "-v" "/var/lib/crater-agent-workspace/rustup-home:/opt/rustwide/rustup-home:ro,Z" "-e" "SOURCE_DIR=/opt/rustwide/workdir" "-e" "CARGO_TARGET_DIR=/opt/rustwide/target" "-e" "CARGO_INCREMENTAL=0" "-e" "RUST_BACKTRACE=full" "-e" "RUSTFLAGS=--cap-lints=forbid" "-e" "RUSTDOCFLAGS=--cap-lints=forbid" "-e" "CARGO_HOME=/opt/rustwide/cargo-home" "-e" "RUSTUP_HOME=/opt/rustwide/rustup-home" "-w" "/opt/rustwide/workdir" "-m" "1610612736" "--user" "0:0" "--network" "none" "ghcr.io/rust-lang/crates-build-env/linux@sha256:5ff2268d62e97bff2cde7d5815dd6ed5b47097566f13b8d0ca110b04b60e07ed" "/opt/rustwide/cargo-home/bin/cargo" "+9610dfe5a9a731ced1ea4923ecbd0c57fe367898" "check" "--frozen" "--all" "--all-targets" "--message-format=json", kill_on_drop: false }`
[INFO] [stdout] ccadffabe8779e072c4ca154dc224c919475bd1c14bf6c35df7a092a2ff5f529
[INFO] running `Command { std: "docker" "start" "-a" "ccadffabe8779e072c4ca154dc224c919475bd1c14bf6c35df7a092a2ff5f529", kill_on_drop: false }`
[INFO] [stderr]    Compiling libc v0.2.60
[INFO] [stderr]    Compiling cc v1.0.38
[INFO] [stderr]    Compiling proc-macro2 v0.4.30
[INFO] [stderr]    Compiling unicode-xid v0.1.0
[INFO] [stderr]    Compiling syn v0.15.43
[INFO] [stderr]    Compiling serde v1.0.98
[INFO] [stderr]     Checking cfg-if v0.1.9
[INFO] [stderr]    Compiling autocfg v0.1.5
[INFO] [stderr]     Checking lazy_static v1.3.0
[INFO] [stderr]     Checking rand_core v0.4.2
[INFO] [stderr]    Compiling byteorder v1.3.2
[INFO] [stderr]    Compiling failure_derive v0.1.5
[INFO] [stderr]    Compiling semver-parser v0.7.0
[INFO] [stderr]    Compiling crc32fast v1.2.0
[INFO] [stderr]     Checking either v1.5.2
[INFO] [stderr]    Compiling rustc-demangle v0.1.15
[INFO] [stderr]     Checking crossbeam-utils v0.6.6
[INFO] [stderr]     Checking rand_core v0.3.1
[INFO] [stderr]    Compiling semver v0.9.0
[INFO] [stderr]    Compiling log v0.4.8
[INFO] [stderr]     Checking futures v0.1.28
[INFO] [stderr]     Checking smallvec v0.6.10
[INFO] [stderr]    Compiling heapsize v0.4.2
[INFO] [stderr]    Compiling rand_pcg v0.1.2
[INFO] [stderr]    Compiling rand_chacha v0.1.1
[INFO] [stderr]    Compiling rand v0.6.5
[INFO] [stderr]    Compiling rustc_version v0.2.3
[INFO] [stderr]     Checking rand_xorshift v0.1.1
[INFO] [stderr]     Checking rand_hc v0.1.0
[INFO] [stderr]     Checking rand_isaac v0.1.1
[INFO] [stderr]     Checking rand_jitter v0.1.4
[INFO] [stderr]    Compiling memchr v2.2.1
[INFO] [stderr]    Compiling siphasher v0.2.3
[INFO] [stderr]    Compiling faster-hex v0.4.0
[INFO] [stderr]    Compiling version_check v0.1.5
[INFO] [stderr]    Compiling adler32 v1.0.3
[INFO] [stderr]    Compiling phf_shared v0.7.24
[INFO] [stderr]    Compiling miniz_oxide v0.3.1
[INFO] [stderr]     Checking itoa v0.4.4
[INFO] [stderr]    Compiling unicode-xid v0.0.4
[INFO] [stderr]    Compiling quote v0.6.13
[INFO] [stderr]    Compiling rand v0.5.6
[INFO] [stderr]    Compiling rand_os v0.1.3
[INFO] [stderr]     Checking iovec v0.1.2
[INFO] [stderr]    Compiling synom v0.11.3
[INFO] [stderr]    Compiling quote v0.3.15
[INFO] [stderr]     Checking unicode-bidi v0.3.4
[INFO] [stderr]     Checking unicode-normalization v0.1.8
[INFO] [stderr]    Compiling same-file v1.0.5
[INFO] [stderr]     Checking fnv v1.0.6
[INFO] [stderr]    Compiling memoffset v0.5.1
[INFO] [stderr]    Compiling parking_lot_core v0.4.0
[INFO] [stderr]     Checking stable_deref_trait v1.1.1
[INFO] [stderr]    Compiling syn v0.11.11
[INFO] [stderr]    Compiling walkdir v2.2.9
[INFO] [stderr]    Compiling typenum v1.10.0
[INFO] [stderr]    Compiling backtrace-sys v0.1.31
[INFO] [stderr]    Compiling miniz-sys v0.1.12
[INFO] [stderr]    Compiling miniz_oxide_c_api v0.2.3
[INFO] [stderr]    Compiling blake2b-rs v0.1.5
[INFO] [stderr]     Checking tokio-executor v0.1.8
[INFO] [stderr]    Compiling pkg-config v0.3.15
[INFO] [stderr]    Compiling faster-hex v0.3.1
[INFO] [stderr]    Compiling ryu v1.0.0
[INFO] [stderr]    Compiling arrayvec v0.4.11
[INFO] [stderr]     Checking owning_ref v0.4.0
[INFO] [stderr]    Compiling unicase v2.4.0
[INFO] [stderr]    Compiling phf_generator v0.7.24
[INFO] [stderr]    Compiling flate2 v1.0.9
[INFO] [stderr]     Checking num_cpus v1.10.1
[INFO] [stderr]    Compiling phf_codegen v0.7.24
[INFO] [stderr]    Compiling openssl-sys v0.9.49
[INFO] [stderr]     Checking nodrop v0.1.13
[INFO] [stderr]     Checking lock_api v0.1.5
[INFO] [stderr]     Checking aho-corasick v0.7.6
[INFO] [stderr]     Checking idna v0.1.5
[INFO] [stderr]     Checking time v0.1.42
[INFO] [stderr]     Checking net2 v0.2.33
[INFO] [stderr]     Checking thread_local v0.3.6
[INFO] [stderr]    Compiling backtrace v0.3.34
[INFO] [stderr]    Compiling includedir_codegen v0.5.0
[INFO] [stderr]     Checking regex-syntax v0.6.11
[INFO] [stderr]     Checking scopeguard v1.0.0
[INFO] [stderr]     Checking percent-encoding v1.0.1
[INFO] [stderr]     Checking parking_lot v0.7.1
[INFO] [stderr]     Checking crossbeam-epoch v0.7.2
[INFO] [stderr]     Checking mio v0.6.19
[INFO] [stderr]     Checking tokio-sync v0.1.6
[INFO] [stderr]     Checking crossbeam-channel v0.3.9
[INFO] [stderr]     Checking url v1.7.2
[INFO] [stderr]    Compiling bitflags v1.1.0
[INFO] [stderr]     Checking crossbeam-deque v0.7.1
[INFO] [stderr]     Checking ckb-hash v0.24.0-pre (https://github.com/nervosnetwork/ckb.git?rev=d75e4c5#d75e4c56)
[INFO] [stderr] The following warnings were emitted during compilation:
[INFO] [stderr] 
[INFO] [stderr] warning: build/expando.c:4:24: error: pasting "RUST_VERSION_OPENSSL_" and "(" does not give a valid preprocessing token
[INFO] [stderr] warning:     4 | #define VERSION2(n, v) RUST_VERSION_##n##_##v
[INFO] [stderr] warning:       |                        ^~~~~~~~~~~~~
[INFO] [stderr] warning: build/expando.c:5:23: note: in expansion of macro 'VERSION2'
[INFO] [stderr] warning:     5 | #define VERSION(n, v) VERSION2(n, v)
[INFO] [stderr] warning:       |                       ^~~~~~~~
[INFO] [stderr] warning: build/expando.c:10:1: note: in expansion of macro 'VERSION'
[INFO] [stderr] warning:    10 | VERSION(OPENSSL, OPENSSL_VERSION_NUMBER)
[INFO] [stderr] warning:       | ^~~~~~~
[INFO] [stderr] 
[INFO] [stderr] error: failed to run custom build command for `openssl-sys v0.9.49`
[INFO] [stderr] note: To improve backtraces for build dependencies, set the CARGO_PROFILE_DEV_BUILD_OVERRIDE_DEBUG=true environment variable to enable debug information generation.
[INFO] [stderr] 
[INFO] [stderr] Caused by:
[INFO] [stderr]   process didn't exit successfully: `/opt/rustwide/target/debug/build/openssl-sys-f9e80f728fc54a4d/build-script-main` (exit status: 101)
[INFO] [stderr]   --- stdout
[INFO] [stderr]   cargo:rustc-cfg=const_fn
[INFO] [stderr]   cargo:rerun-if-env-changed=X86_64_UNKNOWN_LINUX_GNU_OPENSSL_LIB_DIR
[INFO] [stderr]   X86_64_UNKNOWN_LINUX_GNU_OPENSSL_LIB_DIR unset
[INFO] [stderr]   cargo:rerun-if-env-changed=OPENSSL_LIB_DIR
[INFO] [stderr]   OPENSSL_LIB_DIR unset
[INFO] [stderr]   cargo:rerun-if-env-changed=X86_64_UNKNOWN_LINUX_GNU_OPENSSL_INCLUDE_DIR
[INFO] [stderr]   X86_64_UNKNOWN_LINUX_GNU_OPENSSL_INCLUDE_DIR unset
[INFO] [stderr]   cargo:rerun-if-env-changed=OPENSSL_INCLUDE_DIR
[INFO] [stderr]   OPENSSL_INCLUDE_DIR unset
[INFO] [stderr]   cargo:rerun-if-env-changed=X86_64_UNKNOWN_LINUX_GNU_OPENSSL_DIR
[INFO] [stderr]   X86_64_UNKNOWN_LINUX_GNU_OPENSSL_DIR unset
[INFO] [stderr]   cargo:rerun-if-env-changed=OPENSSL_DIR
[INFO] [stderr]   OPENSSL_DIR unset
[INFO] [stderr]   cargo:rustc-link-lib=ssl
[INFO] [stderr]   cargo:rustc-link-lib=crypto
[INFO] [stderr]   OPT_LEVEL = Some("0")
[INFO] [stderr]   TARGET = Some("x86_64-unknown-linux-gnu")
[INFO] [stderr]   HOST = Some("x86_64-unknown-linux-gnu")
[INFO] [stderr]   CC_x86_64-unknown-linux-gnu = None
[INFO] [stderr]   CC_x86_64_unknown_linux_gnu = None
[INFO] [stderr]   HOST_CC = None
[INFO] [stderr]   CC = None
[INFO] [stderr]   CFLAGS_x86_64-unknown-linux-gnu = None
[INFO] [stderr]   CFLAGS_x86_64_unknown_linux_gnu = None
[INFO] [stderr]   HOST_CFLAGS = None
[INFO] [stderr]   CFLAGS = None
[INFO] [stderr]   CRATE_CC_NO_DEFAULTS = None
[INFO] [stderr]   DEBUG = Some("true")
[INFO] [stderr]   CARGO_CFG_TARGET_FEATURE = Some("fxsr,sse,sse2")
[INFO] [stderr]   running: "cc" "-O0" "-ffunction-sections" "-fdata-sections" "-fPIC" "-g" "-fno-omit-frame-pointer" "-m64" "-Wall" "-Wextra" "-E" "build/expando.c"
[INFO] [stderr]   cargo:warning=build/expando.c:4:24: error: pasting "RUST_VERSION_OPENSSL_" and "(" does not give a valid preprocessing token
[INFO] [stderr]   cargo:warning=    4 | #define VERSION2(n, v) RUST_VERSION_##n##_##v
[INFO] [stderr]   cargo:warning=      |                        ^~~~~~~~~~~~~
[INFO] [stderr]   cargo:warning=build/expando.c:5:23: note: in expansion of macro 'VERSION2'
[INFO] [stderr]   cargo:warning=    5 | #define VERSION(n, v) VERSION2(n, v)
[INFO] [stderr]   cargo:warning=      |                       ^~~~~~~~
[INFO] [stderr]   cargo:warning=build/expando.c:10:1: note: in expansion of macro 'VERSION'
[INFO] [stderr]   cargo:warning=   10 | VERSION(OPENSSL, OPENSSL_VERSION_NUMBER)
[INFO] [stderr]   cargo:warning=      | ^~~~~~~
[INFO] [stderr]   exit status: 1
[INFO] [stderr] 
[INFO] [stderr]   --- stderr
[INFO] [stderr]   thread 'main' panicked at '
[INFO] [stderr]   Header expansion error:
[INFO] [stderr]   Error { kind: ToolExecError, message: "Command \"cc\" \"-O0\" \"-ffunction-sections\" \"-fdata-sections\" \"-fPIC\" \"-g\" \"-fno-omit-frame-pointer\" \"-m64\" \"-Wall\" \"-Wextra\" \"-E\" \"build/expando.c\" with args \"cc\" did not execute successfully (status code exit status: 1)." }
[INFO] [stderr] 
[INFO] [stderr]   Failed to find OpenSSL development headers.
[INFO] [stderr] 
[INFO] [stderr]   You can try fixing this setting the `OPENSSL_DIR` environment variable
[INFO] [stderr]   pointing to your OpenSSL installation or installing OpenSSL headers package
[INFO] [stderr]   specific to your distribution:
[INFO] [stderr] 
[INFO] [stderr]       # On Ubuntu
[INFO] [stderr]       sudo apt-get install libssl-dev
[INFO] [stderr]       # On Arch Linux
[INFO] [stderr]       sudo pacman -S openssl
[INFO] [stderr]       # On Fedora
[INFO] [stderr]       sudo dnf install openssl-devel
[INFO] [stderr] 
[INFO] [stderr]   See rust-openssl README for more information:
[INFO] [stderr] 
[INFO] [stderr]       https://github.com/sfackler/rust-openssl#linux
[INFO] [stderr]   ', /opt/rustwide/cargo-home/registry/src/index.crates.io-6f17d22bba15001f/openssl-sys-0.9.49/build/main.rs:126:13
[INFO] [stderr]   stack backtrace:
[INFO] [stderr]      0:     0x55f0cfd5de91 - std::backtrace_rs::backtrace::libunwind::trace::h036e87df56fc4b9d
[INFO] [stderr]                                  at /rustc/9610dfe5a9a731ced1ea4923ecbd0c57fe367898/library/std/src/../../backtrace/src/backtrace/libunwind.rs:93:5
[INFO] [stderr]      1:     0x55f0cfd5de91 - std::backtrace_rs::backtrace::trace_unsynchronized::hd61eb2dbd6ae476a
[INFO] [stderr]                                  at /rustc/9610dfe5a9a731ced1ea4923ecbd0c57fe367898/library/std/src/../../backtrace/src/backtrace/mod.rs:66:5
[INFO] [stderr]      2:     0x55f0cfd5de91 - std::sys_common::backtrace::_print_fmt::h00c50d0875db23c9
[INFO] [stderr]                                  at /rustc/9610dfe5a9a731ced1ea4923ecbd0c57fe367898/library/std/src/sys_common/backtrace.rs:65:5
[INFO] [stderr]      3:     0x55f0cfd5de91 - <std::sys_common::backtrace::_print::DisplayBacktrace as core::fmt::Display>::fmt::h63195ab2dde77ccc
[INFO] [stderr]                                  at /rustc/9610dfe5a9a731ced1ea4923ecbd0c57fe367898/library/std/src/sys_common/backtrace.rs:44:22
[INFO] [stderr]      4:     0x55f0cfd7fdaf - core::fmt::rt::Argument::fmt::h83f4110348c688f4
[INFO] [stderr]                                  at /rustc/9610dfe5a9a731ced1ea4923ecbd0c57fe367898/library/core/src/fmt/rt.rs:138:9
[INFO] [stderr]      5:     0x55f0cfd7fdaf - core::fmt::write::h509367dd365f983a
[INFO] [stderr]                                  at /rustc/9610dfe5a9a731ced1ea4923ecbd0c57fe367898/library/core/src/fmt/mod.rs:1094:21
[INFO] [stderr]      6:     0x55f0cfd5b571 - std::io::Write::write_fmt::h8e60bfebdaabfee5
[INFO] [stderr]                                  at /rustc/9610dfe5a9a731ced1ea4923ecbd0c57fe367898/library/std/src/io/mod.rs:1713:15
[INFO] [stderr]      7:     0x55f0cfd5dca5 - std::sys_common::backtrace::_print::h96e550016098cde6
[INFO] [stderr]                                  at /rustc/9610dfe5a9a731ced1ea4923ecbd0c57fe367898/library/std/src/sys_common/backtrace.rs:47:5
[INFO] [stderr]      8:     0x55f0cfd5dca5 - std::sys_common::backtrace::print::h7a049611b153a02e
[INFO] [stderr]                                  at /rustc/9610dfe5a9a731ced1ea4923ecbd0c57fe367898/library/std/src/sys_common/backtrace.rs:34:9
[INFO] [stderr]      9:     0x55f0cfd5f377 - std::panicking::default_hook::{{closure}}::h1b023d46676794c4
[INFO] [stderr]     10:     0x55f0cfd5f164 - std::panicking::default_hook::hea2961dabcf68e83
[INFO] [stderr]                                  at /rustc/9610dfe5a9a731ced1ea4923ecbd0c57fe367898/library/std/src/panicking.rs:288:9
[INFO] [stderr]     11:     0x55f0cfd5f82c - std::panicking::rust_panic_with_hook::h4285c91a8168b001
[INFO] [stderr]                                  at /rustc/9610dfe5a9a731ced1ea4923ecbd0c57fe367898/library/std/src/panicking.rs:705:13
[INFO] [stderr]     12:     0x55f0cfd5f727 - std::panicking::begin_panic_handler::{{closure}}::h6ebd0d46f0c6b010
[INFO] [stderr]                                  at /rustc/9610dfe5a9a731ced1ea4923ecbd0c57fe367898/library/std/src/panicking.rs:597:13
[INFO] [stderr]     13:     0x55f0cfd5e2c6 - std::sys_common::backtrace::__rust_end_short_backtrace::h92042d128576b63a
[INFO] [stderr]                                  at /rustc/9610dfe5a9a731ced1ea4923ecbd0c57fe367898/library/std/src/sys_common/backtrace.rs:151:18
[INFO] [stderr]     14:     0x55f0cfd5f472 - rust_begin_unwind
[INFO] [stderr]                                  at /rustc/9610dfe5a9a731ced1ea4923ecbd0c57fe367898/library/std/src/panicking.rs:593:5
[INFO] [stderr]     15:     0x55f0cfcd6693 - core::panicking::panic_fmt::h65404fc8061ee73a
[INFO] [stderr]                                  at /rustc/9610dfe5a9a731ced1ea4923ecbd0c57fe367898/library/core/src/panicking.rs:67:14
[INFO] [stderr]     16:     0x55f0cfcdad3a - build_script_main::validate_headers::h01735b19c04ed5fb
[INFO] [stderr]     17:     0x55f0cfce11fd - build_script_main::find::try_pkg_config::hff5f5777d59eb798
[INFO] [stderr]     18:     0x55f0cfce008a - build_script_main::find::find_openssl_dir::hee62672d0a640356
[INFO] [stderr]     19:     0x55f0cfcdfed2 - build_script_main::find::get_openssl::{{closure}}::hada5dfd24de03700
[INFO] [stderr]     20:     0x55f0cfce2bc9 - core::option::Option<T>::unwrap_or_else::hc3d639bd3b846606
[INFO] [stderr]     21:     0x55f0cfcdfcc1 - build_script_main::find::get_openssl::hcc63c75d9e08cf4a
[INFO] [stderr]     22:     0x55f0cfcd8805 - build_script_main::main::h4bc46d7b5c6e1cbe
[INFO] [stderr]     23:     0x55f0cfcdd733 - core::ops::function::FnOnce::call_once::hbe31753ae95bbf0c
[INFO] [stderr]     24:     0x55f0cfce18b6 - std::sys_common::backtrace::__rust_begin_short_backtrace::h2d00640d13fea753
[INFO] [stderr]     25:     0x55f0cfcdcf29 - std::rt::lang_start::{{closure}}::h6e154f7eb584d127
[INFO] [stderr]     26:     0x55f0cfd57905 - core::ops::function::impls::<impl core::ops::function::FnOnce<A> for &F>::call_once::h49ef85a8a8d45198
[INFO] [stderr]                                  at /rustc/9610dfe5a9a731ced1ea4923ecbd0c57fe367898/library/core/src/ops/function.rs:284:13
[INFO] [stderr]     27:     0x55f0cfd57905 - std::panicking::try::do_call::ha1def14af693a135
[INFO] [stderr]                                  at /rustc/9610dfe5a9a731ced1ea4923ecbd0c57fe367898/library/std/src/panicking.rs:500:40
[INFO] [stderr]     28:     0x55f0cfd57905 - std::panicking::try::haa3dc2a1139932e2
[INFO] [stderr]                                  at /rustc/9610dfe5a9a731ced1ea4923ecbd0c57fe367898/library/std/src/panicking.rs:464:19
[INFO] [stderr]     29:     0x55f0cfd57905 - std::panic::catch_unwind::h9d9cbebaf9f15c67
[INFO] [stderr]                                  at /rustc/9610dfe5a9a731ced1ea4923ecbd0c57fe367898/library/std/src/panic.rs:142:14
[INFO] [stderr]     30:     0x55f0cfd57905 - std::rt::lang_start_internal::{{closure}}::hf660a772669a69cc
[INFO] [stderr]                                  at /rustc/9610dfe5a9a731ced1ea4923ecbd0c57fe367898/library/std/src/rt.rs:148:48
[INFO] [stderr]     31:     0x55f0cfd57905 - std::panicking::try::do_call::hb1c34715bb9b1c46
[INFO] [stderr]                                  at /rustc/9610dfe5a9a731ced1ea4923ecbd0c57fe367898/library/std/src/panicking.rs:500:40
[INFO] [stderr]     32:     0x55f0cfd57905 - std::panicking::try::h499866fd990da8f1
[INFO] [stderr]                                  at /rustc/9610dfe5a9a731ced1ea4923ecbd0c57fe367898/library/std/src/panicking.rs:464:19
[INFO] [stderr]     33:     0x55f0cfd57905 - std::panic::catch_unwind::hac1ffec55b72e7bc
[INFO] [stderr]                                  at /rustc/9610dfe5a9a731ced1ea4923ecbd0c57fe367898/library/std/src/panic.rs:142:14
[INFO] [stderr]     34:     0x55f0cfd57905 - std::rt::lang_start_internal::h0fecf91cd579e7b6
[INFO] [stderr]                                  at /rustc/9610dfe5a9a731ced1ea4923ecbd0c57fe367898/library/std/src/rt.rs:148:20
[INFO] [stderr]     35:     0x55f0cfcdcf07 - std::rt::lang_start::hb354bd83aa5d88bc
[INFO] [stderr]     36:     0x55f0cfcdba55 - main
[INFO] [stderr]     37:     0x7f2c62938d90 - <unknown>
[INFO] [stderr]     38:     0x7f2c62938e40 - __libc_start_main
[INFO] [stderr]     39:     0x55f0cfcd6e25 - _start
[INFO] [stderr]     40:                0x0 - <unknown>
[INFO] [stderr] warning: build failed, waiting for other jobs to finish...
[INFO] running `Command { std: "docker" "inspect" "ccadffabe8779e072c4ca154dc224c919475bd1c14bf6c35df7a092a2ff5f529", kill_on_drop: false }`
[INFO] running `Command { std: "docker" "rm" "-f" "ccadffabe8779e072c4ca154dc224c919475bd1c14bf6c35df7a092a2ff5f529", kill_on_drop: false }`
[INFO] [stdout] ccadffabe8779e072c4ca154dc224c919475bd1c14bf6c35df7a092a2ff5f529
